{"id":514,"date":"2022-09-28T22:43:04","date_gmt":"2022-09-29T01:43:04","guid":{"rendered":"https:\/\/www.marcianc.adv.br\/?page_id=514"},"modified":"2022-10-16T13:51:31","modified_gmt":"2022-10-16T16:51:31","slug":"direito-civil","status":"publish","type":"page","link":"https:\/\/www.marcianc.adv.br\/index.php\/direito-civil\/","title":{"rendered":"Direito Civil"},"content":{"rendered":"\n<div class=\"wp-block-uagb-container uagb-block-db363440 alignfull uagb-is-root-container\"><div class=\"uagb-container-inner-blocks-wrap\">\n<div class=\"wp-block-uagb-advanced-heading uagb-block-74feba06\"><h1 class=\"uagb-heading-text\">Direito civil: direito familiar, direito das sucess\u00f5es e direito contratual<\/h1><\/div>\n<\/div><\/div>\n\n\n\n<div class=\"wp-block-uagb-container uagb-block-6e4f9881 alignfull uagb-is-root-container\"><div class=\"uagb-container-inner-blocks-wrap\">\n<h2 class=\"has-text-align-center has-ast-global-color-0-color has-text-color wp-block-heading\">Direito civil: direito familiar, <br>direito das sucess\u00f5es e direito contratual<\/h2>\n\n\n\n<p class=\"has-text-align-justify has-ast-global-color-0-color has-text-color has-medium-font-size\">O Direito Civil pode debru\u00e7ar-se sobre uma ampla \u00e1rea de abordagem, permeando desde o Direito de Fam\u00edlia at\u00e9 quest\u00f5es contratuais.<\/p>\n\n\n\n<p class=\"has-text-align-justify has-ast-global-color-0-color has-text-color has-medium-font-size\">Tais quest\u00f5es podem envolver, ainda, a\u00e7\u00f5es atinentes ao Direito do Consumidor, com atua\u00e7\u00e3o defensiva e quest\u00f5es consultivas quanto \u00e0 elabora\u00e7\u00e3o de contratos, bem como a\u00e7\u00f5es de cobran\u00e7as.<\/p>\n\n\n\n<p class=\"has-ast-global-color-0-color has-text-color has-medium-font-size\">Dentre as a\u00e7\u00f5es relacionadas \u00e0 essa \u00e1rea, est\u00e3o:<\/p>\n\n\n\n<ul class=\"has-ast-global-color-0-color has-text-color has-medium-font-size has-ek-indent wp-block-list\" style=\"--ek-indent:60px\"><li>Div\u00f3rcio judicial e extrajudicial;<\/li><li>Dissolu\u00e7\u00e3o de Uni\u00e3o Est\u00e1vel;<\/li><li>Guarda e regula\u00e7\u00e3o de visitas;<\/li><li>Pens\u00e3o aliment\u00edcia;<\/li><li>Invent\u00e1rio judicial e extrajudicial;<\/li><li>Planejamento sucess\u00f3rio;<\/li><li>Interdi\u00e7\u00e3o;<\/li><li>Prepara\u00e7\u00e3o e revis\u00e3o de contratos;<\/li><li>A\u00e7\u00e3o de cobran\u00e7a;<\/li><li>Outras quest\u00f5es atinentes ao Direito Civil a serem analisadas caso a caso.<\/li><\/ul>\n<\/div><\/div>\n\n\n\n<div class=\"wp-block-uagb-container uagb-block-079c5d01 alignfull uagb-is-root-container\"><div class=\"uagb-container-inner-blocks-wrap\">\n<div class=\"wp-block-columns is-layout-flex wp-container-core-columns-is-layout-28f84493 wp-block-columns-is-layout-flex\">\n<div class=\"wp-block-column is-layout-flow wp-block-column-is-layout-flow\">\n<div class=\"wp-block-uagb-info-box uagb-block-ffa5a5e7 uagb-infobox__content-wrap  uagb-infobox-icon-above-title uagb-infobox-image-valign-top\"><div class=\"uagb-ifb-content\"><div class=\"uagb-ifb-title-wrap\"><h3 class=\"uagb-ifb-title\">Direito do Trabalho<\/h3><\/div><div class=\"uagb-ifb-separator\"><\/div><p class=\"uagb-ifb-desc\">Considerado um dos ramos do Direito mais importante \u00e0 sociedade, o Direito do Trabalho regula a rela\u00e7\u00e3o jur\u00eddica estabelecida entre empregados e empregadores&#8230;<\/p><div class=\"uagb-ifb-button-wrapper wp-block-button\"><a href=\"https:\/\/www.marcianc.adv.br\/index.php\/direito-do-trabalho\/\" target=\"_self\" class=\"uagb-infobox-cta-link\" rel=\"noopener noreferrer\" alt=\"\"><span class=\"uagb-inline-editing\">Saiba Mais <\/span><svg xmlns=\"https:\/\/www.w3.org\/2000\/svg\" viewBox=\"0 0 512 512\"><path d=\"M52.51 440.6l171.5-142.9V214.3L52.51 71.41C31.88 54.28 0 68.66 0 96.03v319.9C0 443.3 31.88 457.7 52.51 440.6zM308.5 440.6l192-159.1c15.25-12.87 15.25-36.37 0-49.24l-192-159.1c-20.63-17.12-52.51-2.749-52.51 24.62v319.9C256 443.3 287.9 457.7 308.5 440.6z\"><\/path><\/svg><\/a><\/div><\/div><\/div>\n<\/div>\n\n\n\n<div class=\"wp-block-column is-layout-flow wp-block-column-is-layout-flow\">\n<div class=\"wp-block-uagb-info-box uagb-block-888c56eb uagb-infobox__content-wrap  uagb-infobox-icon-above-title uagb-infobox-image-valign-top\"><div class=\"uagb-ifb-content\"><div class=\"uagb-ifb-title-wrap\"><h3 class=\"uagb-ifb-title\">Assessoria Jur\u00eddica<\/h3><\/div><div class=\"uagb-ifb-separator\"><\/div><p class=\"uagb-ifb-desc\">A contrata\u00e7\u00e3o de Assessoria Jur\u00eddica \u00e9 capaz de se adequar \u00e0 necessidade demandada pelo cliente, podendo se dar de forma \u00fanica ou cont\u00ednua.<\/p><div class=\"uagb-ifb-button-wrapper wp-block-button\"><a href=\"https:\/\/www.marcianc.adv.br\/index.php\/assessoria-juridica\/\" target=\"_self\" class=\"uagb-infobox-cta-link\" rel=\"noopener noreferrer\" alt=\"\"><span class=\"uagb-inline-editing\">Saiba Mais <\/span><svg xmlns=\"https:\/\/www.w3.org\/2000\/svg\" viewBox=\"0 0 512 512\"><path d=\"M52.51 440.6l171.5-142.9V214.3L52.51 71.41C31.88 54.28 0 68.66 0 96.03v319.9C0 443.3 31.88 457.7 52.51 440.6zM308.5 440.6l192-159.1c15.25-12.87 15.25-36.37 0-49.24l-192-159.1c-20.63-17.12-52.51-2.749-52.51 24.62v319.9C256 443.3 287.9 457.7 308.5 440.6z\"><\/path><\/svg><\/a><\/div><\/div><\/div>\n<\/div>\n<\/div>\n<\/div><\/div>\n","protected":false},"excerpt":{"rendered":"<p>Direito civil: direito familiar, direito das sucess\u00f5es e direito contratual Direito civil: direito familiar, direito das sucess\u00f5es e direito contratual O Direito Civil pode debru\u00e7ar-se sobre uma ampla \u00e1rea de abordagem, permeando desde o Direito de Fam\u00edlia at\u00e9 quest\u00f5es contratuais. Tais quest\u00f5es podem envolver, ainda, a\u00e7\u00f5es atinentes ao Direito do Consumidor, com atua\u00e7\u00e3o defensiva e [&hellip;]<\/p>\n","protected":false},"author":2,"featured_media":0,"parent":0,"menu_order":0,"comment_status":"closed","ping_status":"closed","template":"","meta":{"_editorskit_title_hidden":false,"_editorskit_reading_time":1,"_editorskit_is_block_options_detached":false,"_editorskit_block_options_position":"{}","_uag_custom_page_level_css":"","site-sidebar-layout":"no-sidebar","site-content-layout":"plain-container","ast-site-content-layout":"default","site-content-style":"default","site-sidebar-style":"default","ast-global-header-display":"","ast-banner-title-visibility":"","ast-main-header-display":"","ast-hfb-above-header-display":"","ast-hfb-below-header-display":"","ast-hfb-mobile-header-display":"","site-post-title":"disabled","ast-breadcrumbs-content":"","ast-featured-img":"","footer-sml-layout":"","ast-disable-related-posts":"","theme-transparent-header-meta":"enabled","adv-header-id-meta":"","stick-header-meta":"","header-above-stick-meta":"","header-main-stick-meta":"","header-below-stick-meta":"","astra-migrate-meta-layouts":"default","ast-page-background-enabled":"default","ast-page-background-meta":{"desktop":{"background-color":"","background-image":"","background-repeat":"repeat","background-position":"center center","background-size":"auto","background-attachment":"scroll","background-type":"","background-media":"","overlay-type":"","overlay-color":"","overlay-opacity":"","overlay-gradient":""},"tablet":{"background-color":"","background-image":"","background-repeat":"repeat","background-position":"center center","background-size":"auto","background-attachment":"scroll","background-type":"","background-media":"","overlay-type":"","overlay-color":"","overlay-opacity":"","overlay-gradient":""},"mobile":{"background-color":"","background-image":"","background-repeat":"repeat","background-position":"center center","background-size":"auto","background-attachment":"scroll","background-type":"","background-media":"","overlay-type":"","overlay-color":"","overlay-opacity":"","overlay-gradient":""}},"ast-content-background-meta":{"desktop":{"background-color":"var(--ast-global-color-5)","background-image":"","background-repeat":"repeat","background-position":"center center","background-size":"auto","background-attachment":"scroll","background-type":"","background-media":"","overlay-type":"","overlay-color":"","overlay-opacity":"","overlay-gradient":""},"tablet":{"background-color":"var(--ast-global-color-5)","background-image":"","background-repeat":"repeat","background-position":"center center","background-size":"auto","background-attachment":"scroll","background-type":"","background-media":"","overlay-type":"","overlay-color":"","overlay-opacity":"","overlay-gradient":""},"mobile":{"background-color":"var(--ast-global-color-5)","background-image":"","background-repeat":"repeat","background-position":"center center","background-size":"auto","background-attachment":"scroll","background-type":"","background-media":"","overlay-type":"","overlay-color":"","overlay-opacity":"","overlay-gradient":""}},"footnotes":""},"class_list":["post-514","page","type-page","status-publish","hentry"],"uagb_featured_image_src":{"full":false,"thumbnail":false,"medium":false,"medium_large":false,"large":false,"1536x1536":false,"2048x2048":false},"uagb_author_info":{"display_name":"Patrick Cadaval","author_link":"https:\/\/www.marcianc.adv.br\/index.php\/author\/patrick\/"},"uagb_comment_info":0,"uagb_excerpt":"Direito civil: direito familiar, direito das sucess\u00f5es e direito contratual Direito civil: direito familiar, direito das sucess\u00f5es e direito contratual O Direito Civil pode debru\u00e7ar-se sobre uma ampla \u00e1rea de abordagem, permeando desde o Direito de Fam\u00edlia at\u00e9 quest\u00f5es contratuais. Tais quest\u00f5es podem envolver, ainda, a\u00e7\u00f5es atinentes ao Direito do Consumidor, com atua\u00e7\u00e3o defensiva e&hellip;","_links":{"self":[{"href":"https:\/\/www.marcianc.adv.br\/index.php\/wp-json\/wp\/v2\/pages\/514","targetHints":{"allow":["GET"]}}],"collection":[{"href":"https:\/\/www.marcianc.adv.br\/index.php\/wp-json\/wp\/v2\/pages"}],"about":[{"href":"https:\/\/www.marcianc.adv.br\/index.php\/wp-json\/wp\/v2\/types\/page"}],"author":[{"embeddable":true,"href":"https:\/\/www.marcianc.adv.br\/index.php\/wp-json\/wp\/v2\/users\/2"}],"replies":[{"embeddable":true,"href":"https:\/\/www.marcianc.adv.br\/index.php\/wp-json\/wp\/v2\/comments?post=514"}],"version-history":[{"count":28,"href":"https:\/\/www.marcianc.adv.br\/index.php\/wp-json\/wp\/v2\/pages\/514\/revisions"}],"predecessor-version":[{"id":809,"href":"https:\/\/www.marcianc.adv.br\/index.php\/wp-json\/wp\/v2\/pages\/514\/revisions\/809"}],"wp:attachment":[{"href":"https:\/\/www.marcianc.adv.br\/index.php\/wp-json\/wp\/v2\/media?parent=514"}],"curies":[{"name":"wp","href":"https:\/\/api.w.org\/{rel}","templated":true}]}}